Is 144956385 a multiple of 335?
False
Does 156 divide 20852844?
False
Is 77 a factor of 91017773?
True
Does 1680 divide 13526345?
False
Does 13 divide 8245072?
False
Is 2333980697 a multiple of 5628?
False
Is 66665229 a multiple of 43?
False
Is 3769 a factor of 19427756?
False
Does 3 divide 76358129?
False
Is 102441121 a multiple of 1181?
True
Is 580490702 a multiple of 22?
True
Is 624 a factor of 20192985?
False
Is 62 a factor of 335294862?
False
Does 283 divide 16716898?
False
Does 543 divide 829972399?
False
Is 5913 a factor of 426888002?
False
Does 72 divide 10267560?
True
Is 163 a factor of 418008936?
True
Is 52 a factor of 117116172?
False
Is 36383150 a multiple of 10?
True
Is 1317840073 a multiple of 530?
False
Is 9081395 a multiple of 752?
False
Is 32880978 a multiple of 27?
True
Does 47 divide 429555560?
True
Is 72 a factor of 123296328?
True
Is 8 a factor of 18729396?
False
Is 55457298 a multiple of 162?
True
Is 150198221 a multiple of 688?
False
Is 318963465 a multiple of 387?
True
Is 828 a factor of 52384915?
False
Is 7 a factor of 2772762?
False
Is 541 a factor of 145119817?
False
Is 55057676 a multiple of 23?
True
Does 4781 divide 2268122220?
False
Is 49851927 a multiple of 484?
False
Does 239 divide 2045840?
True
Does 35 divide 87828650?
True
Is 1850 a factor of 562503688?
False
Is 257653248 a multiple of 3008?
True
Is 30469099 a multiple of 262?
False
Is 1402374848 a multiple of 16?
True
Is 10 a factor of 345732046?
False
Does 12 divide 1218589284?
True
Does 27 divide 22872930?
False
Is 4108 a factor of 1846238934?
False
Is 7 a factor of 48571426?
False
Is 387 a factor of 274343139?
True
Is 184132051 a multiple of 199?
False
Does 149 divide 1094622391?
True
Is 7 a factor of 84543760?
True
Is 8147 a factor of 1533175783?
True
Does 4038 divide 246798522?
True
Is 425 a factor of 784005805?
False
Does 1642 divide 4812232388?
True
Does 5331 divide 361803665?
False
Is 313599132 a multiple of 154?
True
Does 412 divide 38658491?
False
Is 14973826 a multiple of 117?
False
Is 19 a factor of 168084958?
False
Is 5 a factor of 1184895?
True
Is 1360 a factor of 24433760?
True
Does 77 divide 52581452?
True
Does 37 divide 24401323?
False
Does 389 divide 26927747?
True
Is 171176634 a multiple of 29?
False
Is 283 a factor of 1393961780?
True
Is 11954372 a multiple of 62?
False
Is 60453302 a multiple of 7?
True
Does 4268 divide 174744724?
True
Does 1811 divide 166986681?
False
Is 67 a factor of 278240?
False
Is 164 a factor of 128700253?
False
Does 66 divide 147593292?
True
Is 23195736 a multiple of 229?
False
Is 759094816 a multiple of 13?
False
Does 197 divide 22098031?
False
Does 1327 divide 509730743?
False
Does 66 divide 41930790?
True
Does 159 divide 48427107?
True
Does 48 divide 2909487360?
True
Is 134 a factor of 1403256967?
False
Is 953696331 a multiple of 26?
False
Is 4 a factor of 44422108?
True
Does 19 divide 113739510?
True
Is 10938942 a multiple of 189?
True
Is 60 a factor of 9274740?
True
Is 13631 a factor of 584723833?
False
Is 62988217 a multiple of 54?
False
Is 104 a factor of 3980288?
True
Does 4334 divide 150196033?
False
Does 36 divide 176538473?
False
Is 13298146 a multiple of 235?
False
Is 1557 a factor of 74683062?
True
Is 234444170 a multiple of 59?
True
Is 619352142 a multiple of 1058?
True
Is 14071583 a multiple of 713?
False
Does 261 divide 68114979?
False
Is 327242031 a multiple of 109?
False
Is 228222619 a multiple of 36?
False
Is 7898 a factor of 3488751948?
True
Is 3551 a factor of 439556984?
True
Does 13 divide 985372437?
False
Is 78354198 a multiple of 13?
True
Is 46047204 a multiple of 81?
True
Is 255043270 a multiple of 221?
False
Is 915 a factor of 136897916?
False
Is 1128 a factor of 207652392?
True
Is 69 a factor of 72699288?
False
Does 514 divide 10230656?
True
Does 16 divide 81849360?
True
Is 559656503 a multiple of 2499?
False
Does 2278 divide 50938358?
True
Is 2145300 a multiple of 30?
True
Does 4 divide 310266552?
True
Is 2480490 a multiple of 30?
True
Is 831844425 a multiple of 1275?
True
Is 45 a factor of 5959710?
True
Is 2546944981 a multiple of 203?
True
Does 9 divide 851746041?
True
Is 32998966 a multiple of 371?
True
Is 5436853338 a multiple of 21?
True
Is 1875839 a multiple of 54?
False
Does 17 divide 564351618?
True
Is 16 a factor of 9172114?
False
Is 327851730 a multiple of 4?
False
Does 73 divide 2271710798?
True
Is 136 a factor of 280033016?
False
Is 77 a factor of 121073491?
True
Is 1706304159 a multiple of 1263?
True
Is 63102192 a multiple of 114?
True
Is 61401217 a multiple of 29?
False
Does 4 divide 727508?
True
Is 948214542 a multiple of 1122?
True
Is 1764793404 a multiple of 92?
True
Is 1128643776 a multiple of 2223?
True
Is 9617696 a multiple of 307?
True
Is 19900233 a multiple of 9?
True
Does 6059 divide 2068948553?
True
Does 13 divide 2280283725?
False
Is 838 a factor of 430279234?
False
Is 522364712 a multiple of 4120?
False
Is 39184319 a multiple of 1526?
False
Is 218 a factor of 5899516?
True
Is 198828937 a multiple of 204?
False
Does 62 divide 923199894?
False
Is 101 a factor of 305075795?
False
Is 26156205 a multiple of 2115?
True
Does 2130 divide 136986690?
True
Is 21174429 a multiple of 802?
False
Is 14 a factor of 144735262?
True
Does 101 divide 812652110?
False
Does 7 divide 291925536?
True
Is 46 a factor of 396218596?
False
Is 11615868 a multiple of 66?
True
Is 109145024 a multiple of 2627?
False
Does 4402 divide 973224974?
True
Is 631659934 a multiple of 2877?
False
Does 57 divide 541819771?
False
Is 6473 a factor of 228451589?
True
Is 412916672 a multiple of 16?
True
Is 4423610 a multiple of 274?
False
Does 7 divide 35424140?
False
Is 3637 a factor of 5225958019?
True
Does 4 divide 67431829?
False
Is 34153804 a multiple of 15?
False
Is 6 a factor of 106345440?
True
Does 2628 divide 64688220?
True
Does 223 divide 26091689?
False
Does 366 divide 674270820?
True
Does 28 divide 1023670839?
False
Does 1860 divide 200775840?
True
Does 1448 divide 209305573?
False
Is 2469086 a multiple of 230?
False
Is 376 a factor of 35004119?
False
Is 19450873 a multiple of 10?
False
Is 4993631008 a multiple of 5872?
True
Does 12 divide 1147282176?
True
Does 2 divide 75363689?
False
Is 401 a factor of 168096393?
True
Is 7909 a factor of 1483065464?
False
Is 1448388540 a multiple of 162?
True
Is 70746160 a multiple of 10?
True
Is 38218570 a multiple of 26?
True
Is 55 a factor of 953517881?
False
Is 2984 a factor of 2786870992?
True
Does 108 divide 171689265?
False
Is 1468 a factor of 400223776?
True
Is 249 a factor of 905053115?
False
Is 168314046 a multiple of 46?
True
Does 41 divide 339644?
True
Is 491 a factor of 282815018?
True
Is 44438292 a multiple of 1194?
True
Is 396 a factor of 84342456?
True
Is 680 a factor of 127412544?
False
Is 58 a factor of 732764631?
False
Is 32 a factor of 357402400?
True
Is 26599817 a multiple of 376?
False
Does 48 divide 52966914?
False
Is 47889753 a multiple of 393?
False
Does 5446 divide 1371340922?
True
Is 1618 a factor of 22799238?
True
Does 9 divide 39995100?
True
Does 86 divide 10320946?
True
Is 96661948 a multiple of 88?
False
Is 50 a factor of 340107800?
True
Is 197641741 a multiple of 407?
False
Is 942211512 a multiple of 132?
True
Is 373 a factor of 195304665?
True
Is 167942181 a multiple of 543?
False
Is 110037249 a multiple of 2776?
False
Is 3 a factor of 6735525?
True
Is 899174 a multiple of 5?
False
Is 49 a factor of 378359802?
False
Does 8 divide 4767742?
False
Is 3812929755 a multiple of 20?
False
Is 29264775 a multiple of 1535?
True
Does 7 divide 365662653?
False
Is 62186682 a multiple of 9?
False
Does 68 divide 63400888?
True
Does 707 divide 33787530?
True
Is 95 a factor of 62358665?
True
Is 124 a factor of 49971379?
False
Is 1131 a factor of 5957750?
False
Is 134660357 a multiple of 292?
False
Is 221 a factor of 44459896?
True
Is 58833344 a multiple of 13?
False
Is 885906577 a multiple of 1329?
False
Is 128495131 a multiple of 27?
False
Is 5088 a factor of 42454272?
True
Is 435 a factor of 212894711?
False
Does 3 divide 175460935?
False
Does 199 divide 1876987701?
True
Does 59 divide 3061510728?
False
Does 50 divide 26446950?
True
Does 1785 divide 36349740?
True
Does 20 divide 226910820?
True
Is 29 a factor of 1261524751?
False
Is 10 a 